2 and 810?
54
What is the greatest common factor of 644 and 14?
14
Calculate the greatest common factor of 36 and 2688.
12
What is the greatest common divisor of 5590 and 650?
130
What is the greatest common divisor of 176 and 308?
44
What is the highest common divisor of 76 and 7828?
76
What is the greatest common factor of 336 and 1092?
84
Calculate the greatest common divisor of 10 and 40.
10
What is the greatest common factor of 12835 and 170?
85
Calculate the highest common divisor of 36 and 9423.
9
Calculate the greatest common factor of 1863 and 46.
23
What is the greatest common divisor of 532 and 2324?
28
Calculate the greatest common factor of 12 and 150.
6
What is the highest common divisor of 2299 and 121?
121
What is the highest common factor of 1539 and 9?
9
Calculate the greatest common divisor of 1463 and 847.
77
What is the greatest common factor of 476 and 28?
28
What is the greatest common factor of 400 and 100?
100
Calculate the highest common factor of 72 and 80.
8
What is the greatest common factor of 550 and 286?
22
What is the highest common divisor of 120 and 70?
10
What is the highest common factor of 172 and 212?
4
What is the highest common factor of 270 and 2610?
90
Calculate the highest common factor of 84 and 948.
12
What is the greatest common divisor of 6181 and 7?
7
What is the greatest common divisor of 22370 and 10?
10
What is the highest common factor of 805 and 115?
115
Calculate the greatest common divisor of 245 and 84.
7
What is the greatest common divisor of 4062 and 6?
6
Calculate the greatest common divisor of 3375 and 25.
25
What is the highest common divisor of 45 and 738?
9
Calculate the greatest common factor of 590 and 30.
10
What is the highest common factor of 1577 and 83?
83
What is the highest common divisor of 4 and 16?
4
Calculate the greatest common divisor of 1891 and 61.
61
What is the greatest common factor of 1760 and 55?
55
What is the highest common factor of 492 and 12?
12
What is the highest common factor of 161 and 4393?
23
What is the highest common factor of 1370 and 10?
10
What is the highest common divisor of 13965 and 133?
133
Calculate the highest common factor of 140 and 350.
70
What is the greatest common divisor of 812 and 116?
116
Calculate the greatest common factor of 781 and 385.
11
What is the highest common divisor of 1463 and 308?
77
What is the greatest common factor of 72 and 56?
8
What is the greatest common divisor of 1207 and 17?
17
What is the highest common divisor of 159 and 17013?
159
What is the highest common divisor of 65 and 5095?
5
What is the highest common divisor of 1 and 289?
1
What is the greatest common factor of 133 and 2870?
7
Calculate the greatest common factor of 2790 and 775.
155
What is the highest common divisor of 714 and 102?
102
Calculate the highest common divisor of 361 and 665.
19
Calculate the highest common divisor of 8845 and 435.
145
What is the highest common factor of 495 and 171?
9
What is the highest common divisor of 3227 and 21?
7
What is the greatest common divisor of 767 and 236?
59
Calculate the greatest common factor of 18 and 18.
18
What is the highest common divisor of 2013 and 61?
61
What is the highest common divisor of 22 and 594?
22
What is the greatest common divisor of 360 and 1215?
45
Calculate the highest common factor of 192 and 7728.
48
What is the highest common divisor of 21 and 1533?
21
Calculate the greatest common divisor of 122 and 427.
61
What is the highest common factor of 6 and 762?
6
Calculate the greatest common divisor of 315 and 14.
7
What is the highest common factor of 3028 and 4?
4
What is the highest common factor of 31559 and 627?
209
What is the greatest common divisor of 117 and 5447?
13
Calculate the highest common divisor of 406 and 638.
58
Calculate the highest common divisor of 80 and 3632.
16
What is the highest common divisor of 768 and 224?
32
Calculate the highest common factor of 224 and 56.
56
What is the greatest common factor of 7 and 546?
7
Calculate the greatest common divisor of 1071 and 252.
63
What is the highest common divisor of 98 and 49?
49
What is the highest common factor of 4 and 58?
2
What is the highest common divisor of 85 and 136?
17
What is the greatest common factor of 9 and 4?
1
What is the highest common factor of 442 and 286?
26
Calculate the greatest common divisor of 103 and 32651.
103
What is the highest common factor of 57 and 247?
19
Calculate the highest common factor of 60 and 135.
15
What is the greatest common factor of 1679 and 73?
73
Calculate the highest common factor of 1617 and 165.
33
What is the greatest common divisor of 8 and 128?
8
What is the greatest common divisor of 1687 and 21?
7
Calculate the greatest common factor of 54 and 378.
54
Calculate the greatest common divisor of 720 and 64.
16
Calculate the greatest common factor of 135 and 189.
27
Calculate the greatest common divisor of 134 and 4.
2
Calculate the highest common factor of 8023 and 71.
71
What is the highest common factor of 200 and 350?
50
Calculate the greatest common factor of 400 and 450.
50
Calculate the greatest common factor of 532 and 2772.
28
What is the highest common factor of 989 and 23?
23
Calculate the greatest common factor of 217 and 403.
31
What is the greatest common factor of 20 and 2620?
20
Calculate the highest common divisor of 1586 and 234.
26
What is the highest common factor of 30291 and 46?
23
What is the highest common divisor of 13 and 19?
1
What is the highest common divisor of 87 and 14529?
87
Calculate the greatest common factor of 2660 and 28.
28
Calculate the greatest common factor of 8 and 156.
4
Calculate the greatest common divisor of 198 and 22.
22
What is the greatest common divisor of 2 and 10?
2
Calculate the highest common divisor of 15 and 1195.
5
What is the highest common factor of 51 and 48?
3
Calculate the highest common divisor of 53 and 3922.
53
What is the highest common factor of 45 and 3225?
15
Calculate the greatest common factor of 23 and 23.
23
Calculate the highest common factor of 30 and 705.
15
Calculate the highest common factor of 20 and 75.
5
What is the highest common divisor of 143 and 3289?
143
Calculate the greatest common factor of 323 and 51.
17
What is the highest common divisor of 2424 and 24?
24
Calculate the highest common factor of 16 and 416.
16
What is the greatest common divisor of 68 and 4?
4
Calculate the highest common divisor of 3042 and 18.
18
What is the greatest common divisor of 43919 and 37?
37
What is the highest common divisor of 1146 and 6?
6
Calculate the greatest common factor of 594 and 341.
11
Calculate the highest common divisor of 1177 and 44.
11
Calculate the highest common divisor of 26368 and 1280.
256
Calculate the highest common factor of 2484 and 23.
23
Calculate the greatest common divisor of 6606 and 27.
9
Calculate the greatest common divisor of 2007 and 5575.
223
Calculate the highest common factor of 25 and 85.
5
What is the greatest common divisor of 923 and 52?
13
What is the greatest common factor of 8758 and 1359?
151
Calculate the greatest common divisor of 7750 and 750.
250
Calculate the greatest common divisor of 2774 and 608.
38
Calculate the greatest common factor of 123 and 1968.
123
What is the highest common divisor of 6842 and 22?
22
Calculate the highest common factor of 400 and 125.
25
Calculate the highest common factor of 1626 and 6.
6
Calculate the highest common divisor of 270 and 1710.
90
Calculate the greatest common factor of 174 and 2001.
87
Calculate the greatest common factor of 11532 and 12.
12
Calculate the highest common factor of 220 and 264.
44
Calculate the highest common divisor of 16 and 25448.
8
Calculate the greatest common factor of 4 and 50.
2
What is the highest common divisor of 48 and 255?
3
What is the greatest common divisor of 469 and 56?
7
Calculate the highest common factor of 17 and 1343.
17
What is the highest common divisor of 480 and 10?
10
What is the greatest common divisor of 11 and 8?
1
Calculate the greatest common factor of 18 and 1062.
18
What is the greatest common factor of 45 and 1695?
15
Calculate the greatest common divisor of 12 and 2400.
12
Calculate the greatest common factor of 101 and 3131.
101
C